and 848.
53
Calculate the highest common divisor of 83 and 83.
83
What is the greatest common factor of 1012 and 44?
44
Calculate the greatest common factor of 83 and 5312.
83
What is the highest common divisor of 147 and 2107?
49
What is the highest common divisor of 40 and 4632?
8
Calculate the greatest common factor of 392 and 112.
56
Calculate the greatest common divisor of 610 and 2806.
122
What is the highest common divisor of 252 and 21?
21
Calculate the greatest common factor of 188 and 94.
94
What is the highest common factor of 239 and 74329?
239
Calculate the greatest common divisor of 1056 and 264.
264
What is the highest common divisor of 3756 and 24?
12
What is the highest common divisor of 99 and 22?
11
What is the greatest common divisor of 20 and 5860?
20
What is the highest common factor of 30 and 930?
30
What is the greatest common factor of 153 and 6103?
17
What is the greatest common factor of 432 and 2943?
27
Calculate the greatest common divisor of 230 and 110.
10
What is the greatest common divisor of 507 and 3?
3
Calculate the greatest common divisor of 464 and 2436.
116
What is the highest common factor of 77 and 2464?
77
What is the greatest common factor of 675 and 324?
27
What is the highest common factor of 636 and 72?
12
What is the highest common factor of 130 and 11206?
26
Calculate the greatest common factor of 201 and 20301.
201
What is the greatest common factor of 264 and 108?
12
Calculate the greatest common factor of 15 and 345.
15
Calculate the highest common divisor of 17480 and 38.
38
Calculate the greatest common factor of 82 and 29.
1
What is the highest common divisor of 16960 and 60?
20
What is the greatest common divisor of 191 and 12224?
191
Calculate the highest common factor of 122 and 1525.
61
Calculate the highest common divisor of 459 and 255.
51
Calculate the highest common divisor of 65 and 13.
13
Calculate the highest common divisor of 329 and 141.
47
Calculate the greatest common factor of 440 and 1100.
220
What is the greatest common divisor of 13 and 55679?
13
What is the highest common divisor of 28 and 11382?
14
Calculate the greatest common divisor of 378 and 168.
42
Calculate the greatest common divisor of 306 and 816.
102
What is the greatest common factor of 39 and 1469?
13
What is the greatest common factor of 368 and 1150?
46
What is the greatest common factor of 1460 and 4?
4
What is the greatest common divisor of 4 and 236?
4
What is the highest common factor of 511 and 73?
73
What is the greatest common factor of 104 and 39?
13
Calculate the highest common factor of 13 and 117.
13
What is the highest common factor of 136 and 32?
8
What is the highest common factor of 3159 and 39?
39
What is the highest common factor of 632 and 8?
8
Calculate the greatest common divisor of 1251 and 18.
9
Calculate the highest common factor of 20 and 148.
4
What is the highest common factor of 7 and 49?
7
Calculate the greatest common divisor of 9 and 168.
3
What is the greatest common factor of 24 and 136?
8
What is the greatest common divisor of 256 and 16?
16
What is the greatest common divisor of 884 and 1664?
52
Calculate the greatest common factor of 1512 and 12.
12
What is the greatest common factor of 3239 and 41?
41
What is the greatest common divisor of 1672 and 616?
88
What is the highest common factor of 84 and 1134?
42
What is the greatest common factor of 90 and 216?
18
What is the highest common divisor of 6390 and 360?
90
Calculate the greatest common divisor of 133 and 532.
133
What is the highest common factor of 1837 and 2672?
167
Calculate the greatest common factor of 837 and 31.
31
What is the greatest common factor of 288 and 64?
32
Calculate the greatest common divisor of 64 and 1216.
64
Calculate the highest common divisor of 231 and 99.
33
What is the highest common factor of 376 and 1222?
94
What is the highest common factor of 8242 and 26?
26
Calculate the greatest common divisor of 276 and 69.
69
Calculate the greatest common divisor of 2205 and 45.
45
What is the greatest common factor of 666 and 27?
9
What is the greatest common divisor of 104 and 910?
26
What is the greatest common divisor of 34 and 578?
34
What is the highest common factor of 1 and 112?
1
What is the highest common factor of 252 and 3843?
63
What is the highest common divisor of 57 and 627?
57
What is the highest common divisor of 44073 and 354?
177
Calculate the greatest common divisor of 16 and 48.
16
What is the greatest common divisor of 640 and 512?
128
What is the highest common divisor of 1406 and 38?
38
What is the greatest common divisor of 49 and 357?
7
What is the highest common factor of 195 and 465?
15
What is the greatest common divisor of 1644 and 18?
6
What is the highest common factor of 27 and 3537?
27
What is the highest common divisor of 120 and 165?
15
Calculate the greatest common divisor of 3 and 741.
3
What is the highest common factor of 1273 and 209?
19
What is the highest common divisor of 495 and 90?
45
Calculate the highest common divisor of 112 and 28.
28
What is the greatest common divisor of 6510 and 1050?
210
Calculate the greatest common divisor of 18 and 513.
9
What is the highest common factor of 2162 and 46?
46
What is the greatest common divisor of 55 and 308?
11
What is the highest common factor of 602 and 1118?
86
What is the highest common divisor of 49 and 3871?
49
What is the highest common factor of 510 and 306?
102
What is the greatest common divisor of 218 and 32482?
218
Calculate the greatest common divisor of 3600 and 208.
16
Calculate the highest common factor of 1885 and 2465.
145
Calculate the highest common divisor of 2 and 13420.
2
Calculate the greatest common divisor of 284 and 18744.
284
What is the highest common factor of 595 and 175?
35
What is the highest common factor of 3237 and 273?
39
Calculate the greatest common divisor of 2977 and 26.
13
Calculate the greatest common factor of 153 and 221.
17
What is the highest common divisor of 8 and 24?
8
Calculate the highest common factor of 405 and 1755.
135
Calculate the greatest common divisor of 448 and 8596.
28
What is the highest common divisor of 108 and 1242?
54
Calculate the highest common divisor of 3225 and 225.
75
What is the greatest common factor of 48 and 48?
48
What is the greatest common factor of 160 and 100?
20
Calculate the highest common factor of 122 and 305.
61
What is the greatest common factor of 702 and 10218?
78
What is the greatest common factor of 54 and 39?
3
What is the greatest common factor of 468 and 9945?
117
What is the highest common divisor of 111 and 962?
37
What is the highest common factor of 304 and 656?
16
What is the highest common divisor of 498 and 384?
6
Calculate the highest common divisor of 140 and 28.
28
What is the greatest common divisor of 19567 and 17?
17
Calculate the greatest common divisor of 1617 and 1023.
33
Calculate the greatest common divisor of 66 and 44.
22
What is the greatest common divisor of 9828 and 21?
21
Calculate the highest common divisor of 584 and 511.
73
Calculate the greatest common divisor of 222 and 12.
6
What is the greatest common divisor of 115 and 529?
23
Calculate the highest common factor of 6171 and 408.
51
What is the highest common divisor of 127 and 2?
1
What is the greatest common divisor of 495 and 11605?
55
What is the highest common divisor of 5642 and 186?
62
Calculate the highest common factor of 602 and 688.
86
Calculate the highest common factor of 75 and 5010.
15
What is the greatest common factor of 47 and 517?
47
What is the greatest common factor of 81 and 108?
27
Calculate the greatest common divisor of 304 and 19.
19
Calculate the highest common factor of 18067 and 203.
203
What is the highest common divisor of 14 and 658?
14
Calculate the highest common divisor of 432 and 1368.
72
Calculate the greatest common factor of 47 and 3.
1
What is the greatest common divisor of 756 and 658?
14
Calculate the greatest common factor of 69 and 6.
3
What is the greatest common factor of 2021 and 43?
43
What is the greatest common divisor of 32 and 72?
8
What is the highest common divisor of 123 and 287?
41
Calculate the greatest common divisor of 36 and 81.
9
Calculate the highest common divisor